0001100001100001
In base 9, what is -440 - 1320?
-1760
In base 5, what is 1 - -114431032?
114431033
In base 15, what is -b + -1d9e?
-1daa
In base 8, what is -5344 - -10?
-5334
In base 2, what is 1110 + -110111100111?
-110111011001
In base 10, what is 164 + 250?
414
In base 8, what is 21545 - -217?
21764
In base 16, what is -1 - 8363?
-8364
In base 13, what is a4b7b - 16?
a4b65
In base 5, what is 10 + -201212432?
-201212422
In base 13, what is 0 + -3644?
-3644
In base 16, what is acd - -56?
b23
In base 10, what is -9072 + 3?
-9069
In base 9, what is 287 + 7023?
7321
In base 12, what is 31 - 228?
-1b7
In base 13, what is 200bc4 + -8?
200bb9
In base 16, what is 9d9 - -3?
9dc
In base 13, what is 0 + -6387c?
-6387c
In base 7, what is -1301425 + -4?
-1301432
In base 9, what is 334100 + 5?
334105
In base 9, what is 3288150 + 2?
3288152
In base 5, what is -3 - 41313302?
-41313310
In base 15, what is -25 - bc3?
-be8
In base 15, what is -711 + -1?
-712
In base 5, what is -4 - -1122332?
1122323
In base 4, what is 232001 - 312?
231023
In base 2, what is -1011000001000101100 - -10001?
-1011000001000011011
In base 9, what is 43 + -8254?
-8211
In base 15, what is dc2a - -a?
dc35
In base 13, what is -8 - a0a1?
-a0a9
In base 14, what is 8 + 1751?
1759
In base 2, what is -1100011100101000 + 100?
-1100011100100100
In base 4, what is -21230211 - -3?
-21230202
In base 10, what is 4 + 5916?
5920
In base 7, what is -201333 - -5?
-201325
In base 14, what is d940 - 1?
d93d
In base 7, what is 5 + -1321?
-1313
In base 3, what is 12 - -2102212?
2110001
In base 7, what is -364562 + -1?
-364563
In base 2, what is 101 + 10010100101001110?
10010100101010011
In base 11, what is -376 - -214a?
1884
In base 14, what is 7cd - -138?
927
In base 9, what is -57 + 23140?
23072
In base 3, what is -201111201020 - -10?
-201111201010
In base 6, what is 2441315 + 4?
2441323
In base 3, what is 10120121 - -11?
10120202
In base 11, what is -768 - 464?
-1121
In base 16, what is 105 - 42e?
-329
In base 6, what is 0 + -21003?
-21003
In base 8, what is -227 - -374?
145
In base 15, what is -4 - -4c414?
4c410
In base 10, what is 0 + -19226?
-19226
In base 10, what is 989 - -713?
1702
In base 10, what is -51 - -64478?
64427
In base 10, what is 3 + -230899?
-230896
In base 10, what is -71 + 1?
-70
In base 11, what is -1035 + -515?
-154a
In base 11, what is 4629a + 2?
462a1
In base 6, what is -14054 - -322?
-13332
In base 11, what is 26 + 8a1?
917
In base 13, what is c18a + 8?
c195
In base 11, what is 6867 - 57?
6810
In base 10, what is 8691 - -18?
8709
In base 2, what is -1 - -11001101101?
11001101100
In base 8, what is 3735447 + 0?
3735447
In base 10, what is 4 - 43750?
-43746
In base 14, what is -976 + 73?
-903
In base 13, what is 498 - -18?
4b3
In base 10, what is 2 + 6856?
6858
In base 11, what is -52a043 + 4?
-52a03a
In base 14, what is bd + -1b2?
-d3
In base 4, what is 21012 + 131?
21203
In base 8, what is 147 - -62023?
62172
In base 6, what is -2 - -351213?
351211
In base 9, what is 11280 + 45?
11335
In base 6, what is -11405 + -51?
-11500
In base 8, what is -5 - 62675?
-62702
In base 9, what is -5 + 46780?
46774
In base 7, what is -10362 - 154?
-10546
In base 15, what is -480c - -9?
-4803
In base 16, what is 3 - -84cb?
84ce
In base 13, what is 4 + -292c71?
-292c6a
In base 12, what is -45435 + 13?
-45422
In base 5, what is 220342 - -100?
220442
In base 10, what is 3215869 + 4?
3215873
In base 7, what is 1052055 - -1?
1052056
In base 11, what is -1a + -875?
-894
In base 3, what is 1002122010 + -22?
1002121211
In base 9, what is 224 + 368?
603
In base 15, what is -3a + 7622?
75d7
In base 11, what is 66058a + -4?
660586
In base 2, what is 10 - -1101110011001?
1101110011011
In base 13, what is 2b - 58c?
-561
In base 12, what is -2862 + 3?
-285b
In base 10, what is 310658 - -2?
310660
In base 9, what is -1133 + 1125?
-7
In base 7, what is 5 - 20242?
-20234
In base 7, what is 113250 + -5?
113242
In base 4, what is -11 + 200222222?
200222211
In base 13, what is 1895 + -65?
1830
In base 13, what is -305882 + 1?
-305881
In base 13, what is b56 + -470?
6b6
In base 8, what is -21 - -1566?
1545
In base 13, what is 53795 + -4?
53791
In base 15, what is -5 + 81c2?
81bc
In base 11, what is 3 - -209604?
209607
In base 6, what is -32305 - -10?
-32255
In base 6, what is -14323 + -35?
-14402
In base 5, what is -21441 - 1301?
-23242
In base 8, what is -11 - 143144?
-143155
In base 14, what is 5 + -33?
-2c
In base 11, what is 5532 + 61?
5593
In base 12, what is 7644 - -2b?
7673
In base 16, what is 0 - -1a0a?
1a0a
In base 4, what is -132130 - -10?
-132120
In base 2, what is -1100111001100 - 111?
-1100111010011
In base 9, what is -12 + 13434?
13422
In base 15, what is 1 - -4b7c?
4b7d
In base 12, what is -a593 + 3?
-a590
In base 4, what is -3301012 + -20?
-3301032
In base 10, what is -8499 - -1?
-8498
In base 5, what is 332144 - -1332?
334031
In base 5, what is -1214 + -1340?
-3104
In base 2, what is -100110001100111 - 101?
-100110001101100
In base 12, what is 652 - 245?
409
In base 4, what is 2 - -2120230310?
2120230312
In base 6, what is -55 - -4235?
4140
In base 11, what is -5 - -11225?
11220
In base 7, what is -452155 - 2?
-452160
In base 6, what is 20252 + -41?
20211
In base 10, what is 2 - 3046?
-3044
In base 15, what is a8c + 1a?
aa7
In base 15, what is 1233 - 7be?
964
In base 6, what is 123 + -4141?
-4014
In base 6, what is -5 + 10034031?
10034022
In base 2, what is 1010111111101111111 - -1?
1010111111110000000
In base 16, what is 3d + 1008?
1045
In base 5, what is -3000 - 21344?
-24344
In base 2, what is 10 - -10100001100110?
10100001101000
In base 13, what is 4 + -4a4a?
-4a46
In base 10, what is 3 - 6595?
-6592
In base 2, what is -10 - -10110011011011011?
10110011011011001
In base 4, what is 120131 - -122?
120313
In base 10, what is -58 + 29489?
29431
In base 15, what is -5 - -2bb7?
2bb2
In base 11, what is -207 - -104?
-103
In base 15, what is -1b - 10?
-2b
In base 14, what is 2 + 348a3?
348a5
In base 15, what is -167 - -643?
4cb
In base 5, what is -1031311 + 132?
-1031124
In base 4, what is 200 - 2103?
-1303
In base 13, what is -6 + 4b45b?
4b455
In base 13, what is 2 - -1539a?
1539c
In base 10, what is 258545 - 1?
258544
In base 10, what is -154836 - -4?
-154832
In base 3, what is 10011200 + -21000?
2220200
In base 11, what is 2145 - 5?
2140
In base 11, what is 411a + 1?
4120
In base 3, what is -120112002 - 1201?
-120120210
In base 8, what is -105443 - 2?
-105445
In base 5, what is 1100 - 132?
413
In base 12, what is 333 + -b94?
-861
In base 6, what is 2 + 235300?
235302
In base 2, what is 1 - -10010100010001010?
10010100010001011
In base 7, what is -142543 - 1?
-142544
In base 15, what is a5581 - -4?
a5585
In base 15, what is 1 + 2213?
2214
In base 16, what is -7 - -29058?
29051
In base 6, what is 5 + 12430022?
12430031
In base 14, what is -1 - 2da2?
-2da3
In base 12, what is 0 + -10104?
-10104
In base 5, what is -1233 + 12304?
11021
In base 15, what is 19d6a - -11?
19d7b
In base 11, what is -5a18 + -2?
-5a1a
In base 16, what is -b - 41d27?
-41d32
In base 3, what is 1101201001 - 10?
1101200221
In base 15, what is 64 + -118?
-a4
In base 8, what is -1 - 3476?
-3477
In base 7, what is 0 + 161532?
161532
In base 14, what is 41 - 33?
c
In base 5, what is 22312002 + -11?
22311441
In base 11, what is -12 - -23042?
23030
In base 16, what is 2d4b0 - -4?
2d4b4
In base 15, what is 8 + -13c?
-134
In base 15, what is -4 + -57c74?
-57c78
In base 8, what is 15 - 1036?
-1021
In base 8, what is -1516 - -3112?
1374
In base 12, what is -5 + -26442?
-26447
In base 15, what is -e + 484?
475
In base 11, what is 161 - 15a4?
-1443
In base 5, what is -24402132 + 2?
-24402130
In base 6, what is -15 + -153052?
-153111
In base 16, what is 7ef7 + -2?
7ef5
In base 7, what is -223015 - -1?
-223014
In base 6, what is 0 + 1352500?
1352500
In base 7, what is 2 + -344210?
-344205
In base 16, what is -4fc7 + 7?
-4fc0
In base 12, what is -4 + 6612?
660a
In base 9, what is 7106 - 0?
7106
In base 13, what is 549 - 1221?
-9a5
In base 3, what is 21 + -1110022100121?
-1110022100100
In base 8, what is 14 + -1554?
-1540
In base 13, what is 997 - 23?
974
In base 2, what is 110011000110000 + 10000?
110011001000000
In base 5, what is 12234110 +